tiple of 23?
True
Is 67 a factor of 2061?
False
Is 49 a factor of 44738?
False
Does 29 divide 11445?
False
Is 23958 a multiple of 121?
True
Does 34 divide 1258?
True
Is 1248 a multiple of 13?
True
Is 435 a multiple of 29?
True
Is 12 a factor of 9368?
False
Does 31 divide 3317?
True
Is 976 a multiple of 16?
True
Is 17 a factor of 705?
False
Does 13 divide 1053?
True
Is 26 a multiple of 2?
True
Is 248 a factor of 26040?
True
Does 31 divide 4247?
True
Is 14 a factor of 144102?
True
Is 35 a factor of 40019?
False
Is 5 a factor of 190?
True
Does 32 divide 434?
False
Is 189 a multiple of 125?
False
Is 2078 a multiple of 30?
False
Is 8 a multiple of 8?
True
Is 8 a factor of 6842?
False
Is 283 a factor of 26885?
True
Is 484 a multiple of 44?
True
Is 10 a factor of 998?
False
Is 15534 a multiple of 154?
False
Is 902 a multiple of 41?
True
Is 22 a factor of 66949?
False
Is 327 a multiple of 69?
False
Is 13 a factor of 3623?
False
Does 10 divide 660?
True
Is 4 a factor of 69?
False
Is 6863 a multiple of 22?
False
Is 33 a factor of 5313?
True
Does 27 divide 60978?
False
Does 23 divide 69?
True
Does 134 divide 2680?
True
Is 2200 a multiple of 55?
True
Does 21 divide 1533?
True
Does 73 divide 1241?
True
Does 58 divide 6612?
True
Is 16 a factor of 32?
True
Does 22 divide 12002?
False
Does 7 divide 256?
False
Does 73 divide 99815?
False
Is 2 a factor of 61?
False
Is 23 a factor of 44390?
True
Is 10 a factor of 22428?
False
Is 10 a factor of 890?
True
Is 6 a factor of 44346?
True
Is 92 a multiple of 76?
False
Does 3 divide 21006?
True
Is 28 a factor of 14663?
False
Is 12 a factor of 287?
False
Does 51 divide 510?
True
Is 16 a factor of 9664?
True
Does 3 divide 3820?
False
Does 10 divide 1500?
True
Is 882 a multiple of 9?
True
Does 4 divide 655?
False
Is 1348 a multiple of 11?
False
Is 1024 a multiple of 11?
False
Is 55363 a multiple of 10?
False
Does 6 divide 1926?
True
Does 9 divide 62?
False
Is 14560 a multiple of 13?
True
Does 41 divide 32636?
True
Is 7 a factor of 1470?
True
Is 23 a factor of 61866?
False
Does 35 divide 910?
True
Is 6771 a multiple of 68?
False
Is 426 a multiple of 15?
False
Is 72 a multiple of 12?
True
Is 22 a factor of 1298?
True
Does 14 divide 87669?
False
Is 5250 a multiple of 175?
True
Does 23 divide 1128?
False
Is 6325 a multiple of 11?
True
Is 55 a factor of 1956?
False
Does 420 divide 30859?
False
Is 735 a multiple of 5?
True
Is 6 a factor of 8946?
True
Does 21 divide 2663?
False
Is 2208 a multiple of 44?
False
Is 4128 a multiple of 32?
True
Does 62 divide 1550?
True
Is 24 a factor of 48?
True
Is 19 a factor of 676?
False
Is 8425 a multiple of 6?
False
Does 25 divide 1117?
False
Is 19 a factor of 1031?
False
Is 8119 a multiple of 4?
False
Does 16 divide 145?
False
Is 5 a factor of 2739?
False
Does 9 divide 4401?
True
Does 54 divide 26611?
False
Is 4 a factor of 1680?
True
Does 16 divide 1729?
False
Is 443 a multiple of 17?
False
Does 10 divide 710?
True
Does 92 divide 8280?
True
Does 6 divide 4733?
False
Is 15 a factor of 7725?
True
Is 404 a multiple of 16?
False
Does 13 divide 5759?
True
Is 5677 a multiple of 8?
False
Does 17 divide 121975?
True
Is 10 a factor of 9700?
True
Is 1105 a multiple of 4?
False
Is 3536 a multiple of 13?
True
Does 63 divide 10206?
True
Is 543 a multiple of 7?
False
Does 38 divide 4492?
False
Is 31 a factor of 1116?
True
Does 22 divide 880?
True
Is 17 a factor of 33913?
False
Does 19 divide 190?
True
Does 16 divide 3568?
True
Is 799 a multiple of 3?
False
Is 6 a factor of 4626?
True
Does 4 divide 195?
False
Does 9 divide 1719?
True
Does 148 divide 364?
False
Is 68 a factor of 27178?
False
Does 8 divide 14452?
False
Is 2385 a multiple of 2?
False
Is 58 a factor of 17450?
False
Is 44 a factor of 3388?
True
Is 1305 a multiple of 5?
True
Is 8764 a multiple of 4?
True
Does 100 divide 24913?
False
Is 3 a factor of 6129?
True
Is 542 a multiple of 21?
False
Does 28 divide 1938?
False
Is 16 a factor of 25?
False
Is 100 a factor of 3300?
True
Is 7 a factor of 1617?
True
Does 9 divide 2025?
True
Does 9 divide 16371?
True
Does 48 divide 3264?
True
Is 985 even?
False
Is 2852 a multiple of 62?
True
Does 40 divide 4349?
False
Is 273 a multiple of 11?
False
Does 98 divide 1960?
True
Does 9 divide 18?
True
Is 95 a factor of 4848?
False
Does 14 divide 1169?
False
Is 4 a factor of 868?
True
Does 13 divide 323?
False
Is 4 a factor of 990?
False
Is 36 a factor of 19591?
False
Does 9 divide 15663?
False
Does 32 divide 363?
False
Is 5653 a multiple of 20?
False
Is 13 a factor of 1229?
False
Is 55044 a multiple of 110?
False
Is 15 a factor of 2265?
True
Does 13 divide 650?
True
Is 14 a factor of 1414?
True
Is 1810 a multiple of 23?
False
Is 33 a multiple of 10?
False
Is 34952 a multiple of 8?
True
Does 5 divide 1778?
False
Is 94 a factor of 1659?
False
Is 36 a factor of 834?
False
Is 9 a factor of 2504?
False
Does 48 divide 23520?
True
Is 14 a factor of 92390?
False
Is 497 a multiple of 7?
True
Does 18 divide 396?
True
Is 117 a multiple of 14?
False
Does 98 divide 676?
False
Is 1771 a multiple of 11?
True
Is 13 a factor of 4037?
False
Is 1543 a multiple of 100?
False
Does 165 divide 19470?
True
Does 8 divide 1504?
True
Is 16632 a multiple of 23?
False
Does 17 divide 30976?
False
Does 28 divide 22588?
False
Is 25 a factor of 31?
False
Does 5 divide 48915?
True
Does 15 divide 885?
True
Is 264 a multiple of 8?
True
Is 90 a multiple of 3?
True
Is 880 a multiple of 16?
True
Is 25 a factor of 150?
True
Is 25 a factor of 2550?
True
Does 5 divide 525?
True
Is 229 a factor of 21215?
False
Is 19598 a multiple of 22?
False
Does 63 divide 9702?
True
Does 15 divide 79125?
True
Is 1843 a multiple of 76?
False
Does 35 divide 4375?
True
Does 20 divide 12160?
True
Is 27 a factor of 35738?
False
Is 3864 a multiple of 46?
True
Does 19 divide 1528?
False
Is 38712 a multiple of 22?
False
Is 19 a factor of 99436?
False
Does 2 divide 781?
False
Is 527 a multiple of 17?
True
Is 3 a factor of 3861?
True
Is 33 a factor of 66?
True
Is 20376 a multiple of 18?
True
Is 11034 a multiple of 9?
True
Is 131 a multiple of 21?
False
Does 6 divide 1328?
False
Does 16 divide 16166?
False
Is 22 a factor of 2002?
True
Is 57 a factor of 666?
False
Does 19 divide 6327?
True
Is 15651 a multiple of 5?
False
Is 7048 a multiple of 12?
False
Does 4 divide 7703?
False
Does 14 divide 1078?
True
Is 52352 a multiple of 212?
False
Does 12 divide 2025?
False
Is 4 a factor of 4768?
True
Does 164 divide 6724?
True
Is 10126 a multiple of 166?
True
Is 4 a factor of 2356?
True
Does 20 divide 5020?
True
Does 182 divide 24024?
True
Is 45 a factor of 675?
True
Is 83 a multiple of 12?
False
Is 65007 a multiple of 24?
False
Is 273 a multiple of 15?
False
Is 602 a multiple of 14?
True
Is 68 a factor of 476?
True
Does 89 divide 23763?
True
Does 4 divide 1864?
True
Does 67 divide 4623?
True
Does 23 divide 8438?
False
Is 7 a factor of 5015?
False
Is 195 a multiple of 13?
True
Is 1987 a multiple of 54?
False
Is 68 a factor of 6365?
False
Is 18 a factor of 72?
True
Is 11 a factor of 5626?
False
Is 39 a factor of 2769?
True
Does 22 divide 204?
False
Does 19 divide 874?
True
Is 20 a factor of 15800?
True
Is 34 a factor of 568?
False
Is 99 a factor of 2475?
True
Does 10 divide 1950?
True
Is 5121 a multiple of 169?
False
Is 7 a factor of 151?
False
Is 446 a multiple of 9?
False
Is 17 a factor of 391?
True
Is 1111 a multiple of 8?
False
Is 44605 a multiple of 14?
False
Is 1658 a multiple of 91?
False
Is 84 a factor of 3864?
True
Does 21 divide 2373?
True
Is 187 a multiple of 5?
False
Is 90 a factor of 3322?
False
Is 29 a factor of 10121?
True
Does 5 divide 453?
False
Does 43 divide 4902?
True
Is 18 a factor of 6121?
False
Does 6 divide 576?
True
Does 99 divide 4256?
False
Does 35 divide 84314?
False
Does 36 divide 348?
False
Does 43 divide 3010?
True
Is 47 a factor of 1894?
False
Is 47 a factor of 5828?
True
Is 882 a multiple of 49?
True
Does 20 divide 2880?
True
Does 7 divide 749?
True
Is 159 a factor of 8940?
False
Is 642 a multiple of 54?
False
Is 2980 a multiple of 10?
True
Is 122 a factor of 15006?
True
Does 3 divide 1549?
False
Is 443 a multiple of 99?
False
Is 7636 a multiple of 9?
False
Is 7427 a multiple of 27?
False
Is 13 a factor of 1892?
False
Does 6 divide 53382?
True
Is 37 a factor o